{"id":1606,"date":"2021-04-07T16:11:59","date_gmt":"2021-04-07T14:11:59","guid":{"rendered":"http:\/\/patrimoinelesvalayans.fr\/?page_id=1606"},"modified":"2021-12-20T11:34:15","modified_gmt":"2021-12-20T10:34:15","slug":"formulaire-pour-dons-defiscalises","status":"publish","type":"page","link":"https:\/\/patrimoinelesvalayans.fr\/?page_id=1606","title":{"rendered":"Formulaire pour dons d\u00e9fiscalis\u00e9s"},"content":{"rendered":"\t\t<div data-elementor-type=\"wp-page\" data-elementor-id=\"1606\" class=\"elementor elementor-1606\">\n\t\t\t\t\t\t\t\t\t<section class=\"elementor-section elementor-top-section elementor-element elementor-element-b9e615a elementor-section-boxed elementor-section-height-default elementor-section-height-default\" data-id=\"b9e615a\" data-element_type=\"section\">\n\t\t\t\t\t\t<div class=\"elementor-container elementor-column-gap-default\">\n\t\t\t\t\t<div class=\"elementor-column elementor-col-100 elementor-top-column elementor-element elementor-element-3657120\" data-id=\"3657120\" data-element_type=\"column\">\n\t\t\t<div class=\"elementor-widget-wrap elementor-element-populated\">\n\t\t\t\t\t\t\t\t<div class=\"elementor-element elementor-element-2de7fd4 elementor-widget elementor-widget-image\" data-id=\"2de7fd4\" data-element_type=\"widget\" data-widget_type=\"image.default\">\n\t\t\t\t<div class=\"elementor-widget-container\">\n\t\t\t\t\t\t\t\t\t\t\t\t\t\t\t<img loading=\"lazy\" decoding=\"async\" width=\"791\" height=\"1024\" src=\"https:\/\/patrimoinelesvalayans.fr\/wp-content\/uploads\/2021\/12\/Depliant-defiscalisation-2022-791x1024.jpeg\" class=\"attachment-large size-large wp-image-5637\" alt=\"\" srcset=\"https:\/\/patrimoinelesvalayans.fr\/wp-content\/uploads\/2021\/12\/Depliant-defiscalisation-2022-791x1024.jpeg 791w, https:\/\/patrimoinelesvalayans.fr\/wp-content\/uploads\/2021\/12\/Depliant-defiscalisation-2022-232x300.jpeg 232w, https:\/\/patrimoinelesvalayans.fr\/wp-content\/uploads\/2021\/12\/Depliant-defiscalisation-2022-768x994.jpeg 768w, https:\/\/patrimoinelesvalayans.fr\/wp-content\/uploads\/2021\/12\/Depliant-defiscalisation-2022-1187x1536.jpeg 1187w, https:\/\/patrimoinelesvalayans.fr\/wp-content\/uploads\/2021\/12\/Depliant-defiscalisation-2022-1583x2048.jpeg 1583w, https:\/\/patrimoinelesvalayans.fr\/wp-content\/uploads\/2021\/12\/Depliant-defiscalisation-2022.jpeg 1700w\" sizes=\"(max-width: 791px) 100vw, 791px\" \/>\t\t\t\t\t\t\t\t\t\t\t\t\t\t\t<\/div>\n\t\t\t\t<\/div>\n\t\t\t\t\t<\/div>\n\t\t<\/div>\n\t\t\t\t\t\t\t<\/div>\n\t\t<\/section>\n\t\t\t\t<section class=\"elementor-section elementor-top-section elementor-element elementor-element-df9be9e elementor-section-boxed elementor-section-height-default elementor-section-height-default\" data-id=\"df9be9e\" data-element_type=\"section\">\n\t\t\t\t\t\t<div class=\"elementor-container elementor-column-gap-default\">\n\t\t\t\t\t<div class=\"elementor-column elementor-col-100 elementor-top-column elementor-element elementor-element-cdf8d86\" data-id=\"cdf8d86\" data-element_type=\"column\">\n\t\t\t<div class=\"elementor-widget-wrap elementor-element-populated\">\n\t\t\t\t\t\t\t\t<div class=\"elementor-element elementor-element-45f620a elementor-widget__width-initial elementor-widget elementor-widget-text-editor\" data-id=\"45f620a\" data-element_type=\"widget\" data-widget_type=\"text-editor.default\">\n\t\t\t\t<div class=\"elementor-widget-container\">\n\t\t\t\t\t\t\t<p style=\"text-align: center;\">\u00a0 \u00a0 \u00a0Merci d&rsquo;imprimer ce document, ou de reprendre les informations demand\u00e9es, et d&rsquo;adresser le tout avec votre ch\u00e8que \u00e0 l&rsquo;adresse indiqu\u00e9e.<\/p>\t\t\t\t\t\t<\/div>\n\t\t\t\t<\/div>\n\t\t\t\t\t<\/div>\n\t\t<\/div>\n\t\t\t\t\t\t\t<\/div>\n\t\t<\/section>\n\t\t\t\t\t\t\t<\/div>\n\t\t","protected":false},"excerpt":{"rendered":"<p>\u00a0 \u00a0 \u00a0Merci d&rsquo;imprimer ce document, ou de reprendre les informations demand\u00e9es, et d&rsquo;adresser le tout avec votre ch\u00e8que \u00e0 l&rsquo;adresse indiqu\u00e9e.<\/p>\n","protected":false},"author":1,"featured_media":0,"parent":0,"menu_order":0,"comment_status":"closed","ping_status":"closed","template":"","meta":{"footnotes":""},"_links":{"self":[{"href":"https:\/\/patrimoinelesvalayans.fr\/index.php?rest_route=\/wp\/v2\/pages\/1606"}],"collection":[{"href":"https:\/\/patrimoinelesvalayans.fr\/index.php?rest_route=\/wp\/v2\/pages"}],"about":[{"href":"https:\/\/patrimoinelesvalayans.fr\/index.php?rest_route=\/wp\/v2\/types\/page"}],"author":[{"embeddable":true,"href":"https:\/\/patrimoinelesvalayans.fr\/index.php?rest_route=\/wp\/v2\/users\/1"}],"replies":[{"embeddable":true,"href":"https:\/\/patrimoinelesvalayans.fr\/index.php?rest_route=%2Fwp%2Fv2%2Fcomments&post=1606"}],"version-history":[{"count":16,"href":"https:\/\/patrimoinelesvalayans.fr\/index.php?rest_route=\/wp\/v2\/pages\/1606\/revisions"}],"predecessor-version":[{"id":5640,"href":"https:\/\/patrimoinelesvalayans.fr\/index.php?rest_route=\/wp\/v2\/pages\/1606\/revisions\/5640"}],"wp:attachment":[{"href":"https:\/\/patrimoinelesvalayans.fr\/index.php?rest_route=%2Fwp%2Fv2%2Fmedia&parent=1606"}],"curies":[{"name":"wp","href":"https:\/\/api.w.org\/{rel}","templated":true}]}}