{"id":2134,"date":"2021-04-12T19:13:48","date_gmt":"2021-04-12T17:13:48","guid":{"rendered":"http:\/\/patrimoinelesvalayans.fr\/?page_id=2134"},"modified":"2021-05-13T14:21:27","modified_gmt":"2021-05-13T12:21:27","slug":"histoire-de-leglise","status":"publish","type":"page","link":"https:\/\/patrimoinelesvalayans.fr\/?page_id=2134","title":{"rendered":"HISTOIRE DE L&rsquo;\u00c9GLISE"},"content":{"rendered":"\t\t<div data-elementor-type=\"wp-page\" data-elementor-id=\"2134\" class=\"elementor elementor-2134\">\n\t\t\t\t\t\t\t\t\t<section class=\"elementor-section elementor-top-section elementor-element elementor-element-1b11b1e elementor-section-boxed elementor-section-height-default elementor-section-height-default\" data-id=\"1b11b1e\" data-element_type=\"section\">\n\t\t\t\t\t\t<div class=\"elementor-container elementor-column-gap-default\">\n\t\t\t\t\t<div class=\"elementor-column elementor-col-100 elementor-top-column elementor-element elementor-element-e969c67\" data-id=\"e969c67\" data-element_type=\"column\">\n\t\t\t<div class=\"elementor-widget-wrap elementor-element-populated\">\n\t\t\t\t\t\t\t\t<div class=\"elementor-element elementor-element-c47c5e6 elementor-widget elementor-widget-spacer\" data-id=\"c47c5e6\" data-element_type=\"widget\" data-widget_type=\"spacer.default\">\n\t\t\t\t<div class=\"elementor-widget-container\">\n\t\t\t\t\t<div class=\"elementor-spacer\">\n\t\t\t<div class=\"elementor-spacer-inner\"><\/div>\n\t\t<\/div>\n\t\t\t\t<\/div>\n\t\t\t\t<\/div>\n\t\t\t\t\t<\/div>\n\t\t<\/div>\n\t\t\t\t\t\t\t<\/div>\n\t\t<\/section>\n\t\t\t\t<section class=\"elementor-section elementor-top-section elementor-element elementor-element-140b850 elementor-section-boxed elementor-section-height-default elementor-section-height-default\" data-id=\"140b850\" data-element_type=\"section\">\n\t\t\t\t\t\t<div class=\"elementor-container elementor-column-gap-default\">\n\t\t\t\t\t<div class=\"elementor-column elementor-col-100 elementor-top-column elementor-element elementor-element-668b649\" data-id=\"668b649\" data-element_type=\"column\">\n\t\t\t<div class=\"elementor-widget-wrap elementor-element-populated\">\n\t\t\t\t\t\t\t\t<section class=\"elementor-section elementor-inner-section elementor-element elementor-element-79b7c61 elementor-section-boxed elementor-section-height-default elementor-section-height-default\" data-id=\"79b7c61\" data-element_type=\"section\">\n\t\t\t\t\t\t<div class=\"elementor-container elementor-column-gap-default\">\n\t\t\t\t\t<div class=\"elementor-column elementor-col-50 elementor-inner-column elementor-element elementor-element-8ee1e52\" data-id=\"8ee1e52\" data-element_type=\"column\">\n\t\t\t<div class=\"elementor-widget-wrap elementor-element-populated\">\n\t\t\t\t\t\t\t\t<div class=\"elementor-element elementor-element-9423e51 elementor-widget__width-initial elementor-fixed elementor-widget elementor-widget-image\" data-id=\"9423e51\" data-element_type=\"widget\" data-settings=\"{&quot;_position&quot;:&quot;fixed&quot;}\" data-widget_type=\"image.default\">\n\t\t\t\t<div class=\"elementor-widget-container\">\n\t\t\t\t\t\t\t\t\t\t\t\t\t\t\t<img loading=\"lazy\" decoding=\"async\" width=\"768\" height=\"718\" src=\"https:\/\/patrimoinelesvalayans.fr\/wp-content\/uploads\/2021\/04\/Eglise-Valayans-dessin-Colas-Copie-768x718.jpg\" class=\"attachment-medium_large size-medium_large wp-image-2634\" alt=\"\" srcset=\"https:\/\/patrimoinelesvalayans.fr\/wp-content\/uploads\/2021\/04\/Eglise-Valayans-dessin-Colas-Copie-768x718.jpg 768w, https:\/\/patrimoinelesvalayans.fr\/wp-content\/uploads\/2021\/04\/Eglise-Valayans-dessin-Colas-Copie-300x281.jpg 300w, https:\/\/patrimoinelesvalayans.fr\/wp-content\/uploads\/2021\/04\/Eglise-Valayans-dessin-Colas-Copie.jpg 971w\" sizes=\"(max-width: 768px) 100vw, 768px\" \/>\t\t\t\t\t\t\t\t\t\t\t\t\t\t\t<\/div>\n\t\t\t\t<\/div>\n\t\t\t\t\t<\/div>\n\t\t<\/div>\n\t\t\t\t<div class=\"elementor-column elementor-col-50 elementor-inner-column elementor-element elementor-element-2d089db\" data-id=\"2d089db\" data-element_type=\"column\">\n\t\t\t<div class=\"elementor-widget-wrap elementor-element-populated\">\n\t\t\t\t\t\t\t\t<div class=\"elementor-element elementor-element-a1484fa elementor-widget elementor-widget-text-editor\" data-id=\"a1484fa\" data-element_type=\"widget\" data-widget_type=\"text-editor.default\">\n\t\t\t\t<div class=\"elementor-widget-container\">\n\t\t\t\t\t\t\t<p>La construction d&rsquo;une \u00e9glise fut r\u00e9clam\u00e9e par les habitants du hameau des Valayans, situ\u00e9 \u00e0 9 kms de l&rsquo;\u00e9glise paroissiale de Pernes-les-Fontaines, et financ\u00e9e par souscription sur leurs propres deniers.<\/p><p>La construction, commenc\u00e9e en 1852, fut confi\u00e9e \u00e0 l&rsquo;architecte dioc\u00e9sain Joseph Joffroy, et les travaux r\u00e9alis\u00e9s par l&rsquo;entreprise Celin d&rsquo;Avignon.<\/p><p>La nouvelle \u00e9glise, sous le vocable de l&rsquo;Immacul\u00e9e Conception, a \u00e9t\u00e9 consacr\u00e9e le 18 mars 1855 par l&rsquo;archev\u00eaque d&rsquo;Avignon.<\/p><p>La chapelle fut \u00e9rig\u00e9e en succursale en 1857. Consid\u00e9r\u00e9e comme bien personnel des habitants des Valayans, l&rsquo;\u00e9glise ne fut pas transf\u00e9r\u00e9e \u00e0 la commune de Pernes-les-Fontaines avec la loi de 1905. Elle a \u00e9t\u00e9 c\u00e9d\u00e9e \u00e0 titre gratuit par l&rsquo;association paroissiale \u00e0 la commune le 19 mai 1988.<\/p><p>Elle est inscrite au titre des Monuments Historiques depuis 2014.<\/p>\t\t\t\t\t\t<\/div>\n\t\t\t\t<\/div>\n\t\t\t\t\t<\/div>\n\t\t<\/div>\n\t\t\t\t\t\t\t<\/div>\n\t\t<\/section>\n\t\t\t\t\t<\/div>\n\t\t<\/div>\n\t\t\t\t\t\t\t<\/div>\n\t\t<\/section>\n\t\t\t\t\t\t\t<\/div>\n\t\t","protected":false},"excerpt":{"rendered":"<p>La construction d&rsquo;une \u00e9glise fut r\u00e9clam\u00e9e par les habitants du hameau des Valayans, situ\u00e9 \u00e0 9 kms de l&rsquo;\u00e9glise paroissiale de Pernes-les-Fontaines, et financ\u00e9e par souscription sur leurs propres deniers. La construction, commenc\u00e9e en 1852, fut confi\u00e9e \u00e0 l&rsquo;architecte dioc\u00e9sain Joseph Joffroy, et les travaux r\u00e9alis\u00e9s par l&rsquo;entreprise Celin d&rsquo;Avignon. La nouvelle \u00e9glise, sous le [&hellip;]<\/p>\n","protected":false},"author":1,"featured_media":0,"parent":0,"menu_order":0,"comment_status":"closed","ping_status":"closed","template":"","meta":{"footnotes":""},"_links":{"self":[{"href":"https:\/\/patrimoinelesvalayans.fr\/index.php?rest_route=\/wp\/v2\/pages\/2134"}],"collection":[{"href":"https:\/\/patrimoinelesvalayans.fr\/index.php?rest_route=\/wp\/v2\/pages"}],"about":[{"href":"https:\/\/patrimoinelesvalayans.fr\/index.php?rest_route=\/wp\/v2\/types\/page"}],"author":[{"embeddable":true,"href":"https:\/\/patrimoinelesvalayans.fr\/index.php?rest_route=\/wp\/v2\/users\/1"}],"replies":[{"embeddable":true,"href":"https:\/\/patrimoinelesvalayans.fr\/index.php?rest_route=%2Fwp%2Fv2%2Fcomments&post=2134"}],"version-history":[{"count":47,"href":"https:\/\/patrimoinelesvalayans.fr\/index.php?rest_route=\/wp\/v2\/pages\/2134\/revisions"}],"predecessor-version":[{"id":3968,"href":"https:\/\/patrimoinelesvalayans.fr\/index.php?rest_route=\/wp\/v2\/pages\/2134\/revisions\/3968"}],"wp:attachment":[{"href":"https:\/\/patrimoinelesvalayans.fr\/index.php?rest_route=%2Fwp%2Fv2%2Fmedia&parent=2134"}],"curies":[{"name":"wp","href":"https:\/\/api.w.org\/{rel}","templated":true}]}}